{"id":17,"date":"2024-03-07T14:54:15","date_gmt":"2024-03-07T14:54:15","guid":{"rendered":"https:\/\/v-rtual.com\/?page_id=17"},"modified":"2025-05-02T18:29:38","modified_gmt":"2025-05-02T18:29:38","slug":"contact","status":"publish","type":"page","link":"https:\/\/v-rtual.com\/index.php\/contact\/","title":{"rendered":"Contact"},"content":{"rendered":"\n<div class=\"wp-block-group is-nowrap is-layout-flex wp-container-core-group-layout-1 wp-block-group-is-layout-flex\">\n<div class=\"wp-block-columns are-vertically-aligned-top is-layout-flex wp-container-core-columns-layout-1 wp-block-columns-is-layout-flex\" style=\"padding-top:0;padding-right:0;padding-bottom:0;padding-left:0\">\n<div class=\"wp-block-column is-vertically-aligned-top is-layout-flow wp-block-column-is-layout-flow\" style=\"padding-right:7%;flex-basis:50%\">\n<p class=\"has-text-color\" style=\"color:#0bb4aa\"><strong>Parlez nous de votre projet<\/strong>,<\/p>\n\n\n\n<p><\/p>\n\n\n\n<p>Donnez un nom attrayant \u00e0 votre projet. Importez vos documents&nbsp;: un plan ou un croquis de l&#8217;espace \u00e0 d\u00e9corer. Plus nous aurons de d\u00e9tails, plus votre rendu 3D sera pr\u00e9cis. Ajoutez des images de r\u00e9f\u00e9rences.<\/p>\n\n\n\n<p>Nous vous enverrons un devis estimatif, ou nous vous contacterons pour vous demander des informations afin de valider votre commande et de poursuivre le processus. <\/p>\n\n\n\n<p>Un responsable prendra en charge votre projet.<\/p>\n\n\n\n<p><\/p>\n\n\n\n<p class=\"has-secondary-color has-text-color has-link-color wp-elements-f7f0c681896efa6f288ffe10c474ae7b\">V-RTUAL<br>Ottawa &#8211; Montr\u00e9al<\/p>\n\n\n\n<p class=\"has-secondary-color has-text-color has-link-color wp-elements-e6f464fc35c6d89d8457989095e243e3\">+1 613 909 0405 <br>contact@v-rtual.com <\/p>\n\n\n\n<p><\/p>\n\n\n\n<p><\/p>\n\n\n\n<div style=\"height:100px\" aria-hidden=\"true\" class=\"wp-block-spacer\"><\/div>\n<\/div>\n\n\n\n<div class=\"wp-block-column is-layout-flow wp-block-column-is-layout-flow\" style=\"flex-basis:50%\">\n<div class=\"forminator-guttenberg\"><div class=\"forminator-ui forminator-custom-form forminator-custom-form-467 forminator-design--flat  forminator_ajax\" data-forminator-render=\"0\" data-form=\"forminator-module-467\" data-uid=\"69e4b6f4d3021\"><br\/><\/div><form\n\t\t\t\tid=\"forminator-module-467\"\n\t\t\t\tclass=\"forminator-ui forminator-custom-form forminator-custom-form-467 forminator-design--flat  forminator_ajax\"\n\t\t\t\tmethod=\"post\"\n\t\t\t\tdata-forminator-render=\"0\"\n\t\t\t\tdata-form-id=\"467\"\n\t\t\t\tenctype=\"multipart\/form-data\" data-color-option=\"default\" data-design=\"flat\" data-grid=\"open\" style=\"display: none;\"\n\t\t\t\tdata-uid=\"69e4b6f4d3021\"\n\t\t\t><div role=\"alert\" aria-live=\"polite\" class=\"forminator-response-message forminator-error\" aria-hidden=\"true\"><\/div><div class=\"forminator-row\"><div id=\"name-1\" class=\"forminator-field-name forminator-col forminator-col-12 \"><div class=\"forminator-field\"><label for=\"forminator-field-name-1_69e4b6f4d3021\" id=\"forminator-field-name-1_69e4b6f4d3021-label\" class=\"forminator-label\">Name <span class=\"forminator-required\">*<\/span><\/label><input type=\"text\" name=\"name-1\" value=\"\" placeholder=\"\" id=\"forminator-field-name-1_69e4b6f4d3021\" class=\"forminator-input forminator-name--field\" aria-required=\"true\" autocomplete=\"name\" \/><\/div><\/div><\/div><div class=\"forminator-row\"><div id=\"email-1\" class=\"forminator-field-email forminator-col forminator-col-12 \"><div class=\"forminator-field\"><label for=\"forminator-field-email-1_69e4b6f4d3021\" id=\"forminator-field-email-1_69e4b6f4d3021-label\" class=\"forminator-label\">Email <span class=\"forminator-required\">*<\/span><\/label><input type=\"email\" name=\"email-1\" value=\"\" placeholder=\"\" id=\"forminator-field-email-1_69e4b6f4d3021\" class=\"forminator-input forminator-email--field\" data-required=\"true\" aria-required=\"true\" autocomplete=\"email\" \/><\/div><\/div><\/div><div class=\"forminator-row\"><div id=\"phone-1\" class=\"forminator-field-phone forminator-col forminator-col-12 \"><div class=\"forminator-field\"><label for=\"forminator-field-phone-1_69e4b6f4d3021\" id=\"forminator-field-phone-1_69e4b6f4d3021-label\" class=\"forminator-label\">Phone Number<\/label><input type=\"text\" name=\"phone-1\" value=\"\" placeholder=\"\" id=\"forminator-field-phone-1_69e4b6f4d3021\" class=\"forminator-input forminator-field--phone\" data-required=\"\" aria-required=\"false\" autocomplete=\"off\" \/><\/div><\/div><\/div><div class=\"forminator-row\"><div id=\"address-1\" class=\"forminator-field-address forminator-col forminator-col-12 \"><div class=\"forminator-row\" data-multiple=\"false\"><div id=\"address-1-state\" class=\"forminator-col forminator-col-12\"><div class=\"forminator-field\"><label for=\"forminator-field-address-1-state_69e4b6f4d3021\" id=\"forminator-field-address-1-state_69e4b6f4d3021-label\" class=\"forminator-label\">State\/Province<\/label><input type=\"text\" name=\"address-1-state\" placeholder=\"E.g. New South Wales\" id=\"forminator-field-address-1-state_69e4b6f4d3021\" class=\"forminator-input\" data-required=\"\" aria-required=\"false\" autocomplete=\"address-level1\" value=\"\" \/><\/div><\/div><\/div><\/div><\/div><div class=\"forminator-row\"><div id=\"textarea-1\" class=\"forminator-field-textarea forminator-col forminator-col-12 \"><div class=\"forminator-field\"><label for=\"forminator-field-textarea-1_69e4b6f4d3021\" id=\"forminator-field-textarea-1_69e4b6f4d3021-label\" class=\"forminator-label\">Describe your project<\/label><textarea name=\"textarea-1\" placeholder=\"The service: 3d plans, interior, exterior, virtual homestaging,...\" id=\"forminator-field-textarea-1_69e4b6f4d3021\" class=\"forminator-textarea\" rows=\"6\" style=\"min-height:140px;\" ><\/textarea><span id=\"forminator-field-textarea-1_69e4b6f4d3021-description\" class=\"forminator-description\"><span data-limit=\"500\" data-type=\"words\" data-editor=\"\">0 \/ 500<\/span><\/span><\/div><\/div><\/div><div class=\"forminator-row\"><div id=\"upload-1\" class=\"forminator-field-upload forminator-col forminator-col-12 \"><div class=\"forminator-field\"><label for=\"forminator-field-upload-1_69e4b6f4d3021\" id=\"forminator-field-upload-1_69e4b6f4d3021-label\" class=\"forminator-label\">Upload your file, 200 MB max <span class=\"forminator-required\">*<\/span><\/label><div class=\"forminator-multi-upload \" data-element=\"upload-1_69e4b6f4d3021\"><input type=\"file\" name=\"upload-1[]\" id=\"forminator-field-upload-1_69e4b6f4d3021\" class=\"forminator-input-file-required do-validate forminator-field-upload-1_69e4b6f4d3021-467\" multiple=\"multiple\" data-method=\"ajax\" data-size=\"200000000\" data-size-message=\"Maximum file size allowed is 200 MB. \"><div class=\"forminator-multi-upload-message\" aria-hidden=\"true\"><span class=\"forminator-icon-upload\" aria-hidden=\"true\"><\/span><p>Drag and Drop (or) <a class=\"forminator-upload-file--forminator-field-upload-1_69e4b6f4d3021\" href=\"#\" onclick=\"return false;\">Choose Files<\/a><\/p><\/div><\/div><ul class=\"forminator-uploaded-files upload-container-upload-1_69e4b6f4d3021\"><\/ul><\/div><\/div><\/div><input type=\"hidden\" name=\"referer_url\" value=\"\" \/><div class=\"forminator-row forminator-row-last\"><div class=\"forminator-col\"><div class=\"forminator-field\"><button class=\"forminator-button forminator-button-submit\">Send Message<\/button><\/div><\/div><\/div><input type=\"hidden\" id=\"forminator_nonce\" name=\"forminator_nonce\" value=\"06caa3e6d8\" \/><input type=\"hidden\" name=\"_wp_http_referer\" value=\"\/index.php\/wp-json\/wp\/v2\/pages\/17\" \/><input type=\"hidden\" name=\"form_id\" value=\"467\"><input type=\"hidden\" name=\"page_id\" value=\"17\"><input type=\"hidden\" name=\"form_type\" value=\"default\"><input type=\"hidden\" name=\"current_url\" value=\"https:\/\/v-rtual.com\/index.php\/contact\/\"><input type=\"hidden\" name=\"render_id\" value=\"0\"><input type=\"hidden\" name=\"forminator-multifile-hidden\" class=\"forminator-multifile-hidden\"><input type=\"hidden\" name=\"action\" value=\"forminator_submit_form_custom-forms\"><\/form><\/div>\n<\/div>\n<\/div>\n<\/div>\n\n\n\n<div class=\"wp-block-group has-global-padding is-layout-constrained wp-block-group-is-layout-constrained\">\n<div style=\"height:45px\" aria-hidden=\"true\" class=\"wp-block-spacer\"><\/div>\n<\/div>\n","protected":false},"excerpt":{"rendered":"<p>Parlez nous de votre projet, Donnez un nom attrayant \u00e0 votre projet. Importez vos documents&nbsp;: un plan ou un croquis de l&#8217;espace \u00e0 d\u00e9corer. Plus nous aurons de d\u00e9tails, plus votre rendu 3D sera pr\u00e9cis. Ajoutez des images de r\u00e9f\u00e9rences. Nous vous enverrons un devis estimatif, ou nous vous contacterons pour vous demander des informations &hellip; <\/p>\n<p class=\"link-more\"><a href=\"https:\/\/v-rtual.com\/index.php\/contact\/\" class=\"more-link\">Read more<span class=\"screen-reader-text\"> &#8220;Contact&#8221;<\/span><\/a><\/p>\n","protected":false},"author":1,"featured_media":55,"parent":0,"menu_order":0,"comment_status":"closed","ping_status":"closed","template":"","meta":{"content-type":"","_monsterinsights_skip_tracking":false,"_monsterinsights_sitenote_active":false,"_monsterinsights_sitenote_note":"","_monsterinsights_sitenote_category":0,"footnotes":"","two_page_speed":[]},"aioseo_notices":[],"_links":{"self":[{"href":"https:\/\/v-rtual.com\/index.php\/wp-json\/wp\/v2\/pages\/17"}],"collection":[{"href":"https:\/\/v-rtual.com\/index.php\/wp-json\/wp\/v2\/pages"}],"about":[{"href":"https:\/\/v-rtual.com\/index.php\/wp-json\/wp\/v2\/types\/page"}],"author":[{"embeddable":true,"href":"https:\/\/v-rtual.com\/index.php\/wp-json\/wp\/v2\/users\/1"}],"replies":[{"embeddable":true,"href":"https:\/\/v-rtual.com\/index.php\/wp-json\/wp\/v2\/comments?post=17"}],"version-history":[{"count":17,"href":"https:\/\/v-rtual.com\/index.php\/wp-json\/wp\/v2\/pages\/17\/revisions"}],"predecessor-version":[{"id":1031,"href":"https:\/\/v-rtual.com\/index.php\/wp-json\/wp\/v2\/pages\/17\/revisions\/1031"}],"wp:featuredmedia":[{"embeddable":true,"href":"https:\/\/v-rtual.com\/index.php\/wp-json\/wp\/v2\/media\/55"}],"wp:attachment":[{"href":"https:\/\/v-rtual.com\/index.php\/wp-json\/wp\/v2\/media?parent=17"}],"curies":[{"name":"wp","href":"https:\/\/api.w.org\/{rel}","templated":true}]}}